{"id":655,"date":"2025-10-30T18:20:26","date_gmt":"2025-10-30T23:20:26","guid":{"rendered":"https:\/\/drako1.com\/?post_type=product&#038;p=655"},"modified":"2025-10-30T18:20:26","modified_gmt":"2025-10-30T23:20:26","slug":"esqueleto-basic","status":"publish","type":"product","link":"https:\/\/drako1.com\/?product=esqueleto-basic","title":{"rendered":"esqueleto basic"},"content":{"rendered":"<p>&nbsp;<\/p>\n<p>&nbsp;<\/p>\n","protected":false},"excerpt":{"rendered":"<h2>Un Solo Color, M\u00faltiples Opciones<\/h2>\n<p>Con un enfoque en la simplicidad, esta prenda viene en un dise\u00f1o monocrom\u00e1tico que se coordina f\u00e1cilmente con cualquier combinaci\u00f3n de colores en tu cl\u00f3set. Desde estilos elegantes hasta atuendos relajados, el esqueleto b\u00e1sico ajustado se adapta a tu estilo personal. Ya sea debajo de una chaqueta para una ocasi\u00f3n formal o como una pieza principal para d\u00edas informales, esta prenda es tu aliada para destacar por una apariencia impecable.<\/p>\n","protected":false},"featured_media":656,"comment_status":"open","ping_status":"closed","template":"","meta":{"_uag_custom_page_level_css":"","site-sidebar-layout":"default","site-content-layout":"","ast-site-content-layout":"default","site-content-style":"default","site-sidebar-style":"default","ast-global-header-display":"","ast-banner-title-visibility":"","ast-main-header-display":"","ast-hfb-above-header-display":"","ast-hfb-below-header-display":"","ast-hfb-mobile-header-display":"","site-post-title":"","ast-breadcrumbs-content":"","ast-featured-img":"","footer-sml-layout":"","ast-disable-related-posts":"","theme-transparent-header-meta":"default","adv-header-id-meta":"","stick-header-meta":"","header-above-stick-meta":"","header-main-stick-meta":"","header-below-stick-meta":"","astra-migrate-meta-layouts":"set","ast-page-background-enabled":"default","ast-page-background-meta":{"desktop":{"background-color":"var(--ast-global-color-5)","background-image":"","background-repeat":"repeat","background-position":"center center","background-size":"auto","background-attachment":"scroll","background-type":"","background-media":"","overlay-type":"","overlay-color":"","overlay-opacity":"","overlay-gradient":""},"tablet":{"background-color":"","background-image":"","background-repeat":"repeat","background-position":"center center","background-size":"auto","background-attachment":"scroll","background-type":"","background-media":"","overlay-type":"","overlay-color":"","overlay-opacity":"","overlay-gradient":""},"mobile":{"background-color":"","background-image":"","background-repeat":"repeat","background-position":"center center","background-size":"auto","background-attachment":"scroll","background-type":"","background-media":"","overlay-type":"","overlay-color":"","overlay-opacity":"","overlay-gradient":""}},"ast-content-background-meta":{"desktop":{"background-color":"var(--ast-global-color-4)","background-image":"","background-repeat":"repeat","background-position":"center center","background-size":"auto","background-attachment":"scroll","background-type":"","background-media":"","overlay-type":"","overlay-color":"","overlay-opacity":"","overlay-gradient":""},"tablet":{"background-color":"var(--ast-global-color-4)","background-image":"","background-repeat":"repeat","background-position":"center center","background-size":"auto","background-attachment":"scroll","background-type":"","background-media":"","overlay-type":"","overlay-color":"","overlay-opacity":"","overlay-gradient":""},"mobile":{"background-color":"var(--ast-global-color-4)","background-image":"","background-repeat":"repeat","background-position":"center center","background-size":"auto","background-attachment":"scroll","background-type":"","background-media":"","overlay-type":"","overlay-color":"","overlay-opacity":"","overlay-gradient":""}},"_joinchat":[]},"product_brand":[],"product_cat":[30],"product_tag":[],"class_list":{"0":"post-655","1":"product","2":"type-product","3":"status-publish","4":"has-post-thumbnail","6":"product_cat-hombre","7":"desktop-align-left","8":"tablet-align-left","9":"mobile-align-left","11":"first","12":"instock","13":"shipping-taxable","14":"purchasable","15":"product-type-variable"},"uagb_featured_image_src":{"full":["https:\/\/drako1.com\/wp-content\/uploads\/2025\/10\/WhatsApp-Image-2025-10-30-at-6.11.47-PM.jpeg",992,1056,false],"thumbnail":["https:\/\/drako1.com\/wp-content\/uploads\/2025\/10\/WhatsApp-Image-2025-10-30-at-6.11.47-PM-150x150.jpeg",150,150,true],"medium":["https:\/\/drako1.com\/wp-content\/uploads\/2025\/10\/WhatsApp-Image-2025-10-30-at-6.11.47-PM-282x300.jpeg",282,300,true],"medium_large":["https:\/\/drako1.com\/wp-content\/uploads\/2025\/10\/WhatsApp-Image-2025-10-30-at-6.11.47-PM-768x818.jpeg",768,818,true],"large":["https:\/\/drako1.com\/wp-content\/uploads\/2025\/10\/WhatsApp-Image-2025-10-30-at-6.11.47-PM-962x1024.jpeg",962,1024,true],"1536x1536":["https:\/\/drako1.com\/wp-content\/uploads\/2025\/10\/WhatsApp-Image-2025-10-30-at-6.11.47-PM.jpeg",992,1056,false],"2048x2048":["https:\/\/drako1.com\/wp-content\/uploads\/2025\/10\/WhatsApp-Image-2025-10-30-at-6.11.47-PM.jpeg",992,1056,false],"woocommerce_thumbnail":["https:\/\/drako1.com\/wp-content\/uploads\/2025\/10\/WhatsApp-Image-2025-10-30-at-6.11.47-PM-300x300.jpeg",300,300,true],"woocommerce_single":["https:\/\/drako1.com\/wp-content\/uploads\/2025\/10\/WhatsApp-Image-2025-10-30-at-6.11.47-PM-600x639.jpeg",600,639,true],"woocommerce_gallery_thumbnail":["https:\/\/drako1.com\/wp-content\/uploads\/2025\/10\/WhatsApp-Image-2025-10-30-at-6.11.47-PM-100x100.jpeg",100,100,true]},"uagb_author_info":{"display_name":"drakostore2014@gmail.com","author_link":"https:\/\/drako1.com\/?author=0"},"uagb_comment_info":0,"uagb_excerpt":"Un Solo Color, M\u00faltiples Opciones Con un enfoque en la simplicidad, esta prenda viene en un dise\u00f1o monocrom\u00e1tico que se coordina f\u00e1cilmente con cualquier combinaci\u00f3n de colores en tu cl\u00f3set. Desde estilos elegantes hasta atuendos relajados, el esqueleto b\u00e1sico ajustado se adapta a tu estilo personal. Ya sea debajo de una chaqueta para una ocasi\u00f3n&hellip;","_links":{"self":[{"href":"https:\/\/drako1.com\/index.php?rest_route=\/wp\/v2\/product\/655","targetHints":{"allow":["GET"]}}],"collection":[{"href":"https:\/\/drako1.com\/index.php?rest_route=\/wp\/v2\/product"}],"about":[{"href":"https:\/\/drako1.com\/index.php?rest_route=\/wp\/v2\/types\/product"}],"replies":[{"embeddable":true,"href":"https:\/\/drako1.com\/index.php?rest_route=%2Fwp%2Fv2%2Fcomments&post=655"}],"wp:featuredmedia":[{"embeddable":true,"href":"https:\/\/drako1.com\/index.php?rest_route=\/wp\/v2\/media\/656"}],"wp:attachment":[{"href":"https:\/\/drako1.com\/index.php?rest_route=%2Fwp%2Fv2%2Fmedia&parent=655"}],"wp:term":[{"taxonomy":"product_brand","embeddable":true,"href":"https:\/\/drako1.com\/index.php?rest_route=%2Fwp%2Fv2%2Fproduct_brand&post=655"},{"taxonomy":"product_cat","embeddable":true,"href":"https:\/\/drako1.com\/index.php?rest_route=%2Fwp%2Fv2%2Fproduct_cat&post=655"},{"taxonomy":"product_tag","embeddable":true,"href":"https:\/\/drako1.com\/index.php?rest_route=%2Fwp%2Fv2%2Fproduct_tag&post=655"}],"curies":[{"name":"wp","href":"https:\/\/api.w.org\/{rel}","templated":true}]}}