{"id":460,"date":"2025-10-28T13:04:00","date_gmt":"2025-10-28T18:04:00","guid":{"rendered":"https:\/\/drako1.com\/?post_type=product&#038;p=460"},"modified":"2025-12-17T16:22:40","modified_gmt":"2025-12-17T21:22:40","slug":"camiseta-oversize-4","status":"publish","type":"product","link":"https:\/\/drako1.com\/?product=camiseta-oversize-4","title":{"rendered":"camiseta oversize"},"content":{"rendered":"<h2><\/h2>\n<p>&nbsp;<\/p>\n","protected":false},"excerpt":{"rendered":"<h2>Comodidad todo el d\u00eda<\/h2>\n<p>Fabricada con materiales de alta calidad, esta camiseta ofrece una sensaci\u00f3n suave al contacto con la piel. Su dise\u00f1o oversize garantiza libertad de movimiento y un ajuste c\u00f3modo para todas las ocasiones. Ideal para usar durante largas jornadas, esta prenda es una opci\u00f3n confiable para lograr un estilo relajado sin sacrificar el confort.<\/p>\n","protected":false},"featured_media":463,"comment_status":"open","ping_status":"closed","template":"","meta":{"_uag_custom_page_level_css":"","site-sidebar-layout":"default","site-content-layout":"","ast-site-content-layout":"default","site-content-style":"default","site-sidebar-style":"default","ast-global-header-display":"","ast-banner-title-visibility":"","ast-main-header-display":"","ast-hfb-above-header-display":"","ast-hfb-below-header-display":"","ast-hfb-mobile-header-display":"","site-post-title":"","ast-breadcrumbs-content":"","ast-featured-img":"","footer-sml-layout":"","ast-disable-related-posts":"","theme-transparent-header-meta":"default","adv-header-id-meta":"","stick-header-meta":"","header-above-stick-meta":"","header-main-stick-meta":"","header-below-stick-meta":"","astra-migrate-meta-layouts":"set","ast-page-background-enabled":"default","ast-page-background-meta":{"desktop":{"background-color":"var(--ast-global-color-5)","background-image":"","background-repeat":"repeat","background-position":"center center","background-size":"auto","background-attachment":"scroll","background-type":"","background-media":"","overlay-type":"","overlay-color":"","overlay-opacity":"","overlay-gradient":""},"tablet":{"background-color":"","background-image":"","background-repeat":"repeat","background-position":"center center","background-size":"auto","background-attachment":"scroll","background-type":"","background-media":"","overlay-type":"","overlay-color":"","overlay-opacity":"","overlay-gradient":""},"mobile":{"background-color":"","background-image":"","background-repeat":"repeat","background-position":"center center","background-size":"auto","background-attachment":"scroll","background-type":"","background-media":"","overlay-type":"","overlay-color":"","overlay-opacity":"","overlay-gradient":""}},"ast-content-background-meta":{"desktop":{"background-color":"var(--ast-global-color-4)","background-image":"","background-repeat":"repeat","background-position":"center center","background-size":"auto","background-attachment":"scroll","background-type":"","background-media":"","overlay-type":"","overlay-color":"","overlay-opacity":"","overlay-gradient":""},"tablet":{"background-color":"var(--ast-global-color-4)","background-image":"","background-repeat":"repeat","background-position":"center center","background-size":"auto","background-attachment":"scroll","background-type":"","background-media":"","overlay-type":"","overlay-color":"","overlay-opacity":"","overlay-gradient":""},"mobile":{"background-color":"var(--ast-global-color-4)","background-image":"","background-repeat":"repeat","background-position":"center center","background-size":"auto","background-attachment":"scroll","background-type":"","background-media":"","overlay-type":"","overlay-color":"","overlay-opacity":"","overlay-gradient":""}},"_joinchat":[]},"product_brand":[],"product_cat":[30],"product_tag":[],"class_list":{"0":"post-460","1":"product","2":"type-product","3":"status-publish","4":"has-post-thumbnail","6":"product_cat-hombre","7":"desktop-align-left","8":"tablet-align-left","9":"mobile-align-left","11":"first","12":"outofstock","13":"shipping-taxable","14":"purchasable","15":"product-type-variable"},"uagb_featured_image_src":{"full":["https:\/\/drako1.com\/wp-content\/uploads\/2025\/10\/WhatsApp-Image-2025-10-28-at-1.03.18-PM.jpeg",1179,1155,false],"thumbnail":["https:\/\/drako1.com\/wp-content\/uploads\/2025\/10\/WhatsApp-Image-2025-10-28-at-1.03.18-PM-150x150.jpeg",150,150,true],"medium":["https:\/\/drako1.com\/wp-content\/uploads\/2025\/10\/WhatsApp-Image-2025-10-28-at-1.03.18-PM-300x294.jpeg",300,294,true],"medium_large":["https:\/\/drako1.com\/wp-content\/uploads\/2025\/10\/WhatsApp-Image-2025-10-28-at-1.03.18-PM-768x752.jpeg",768,752,true],"large":["https:\/\/drako1.com\/wp-content\/uploads\/2025\/10\/WhatsApp-Image-2025-10-28-at-1.03.18-PM-1024x1003.jpeg",1024,1003,true],"1536x1536":["https:\/\/drako1.com\/wp-content\/uploads\/2025\/10\/WhatsApp-Image-2025-10-28-at-1.03.18-PM.jpeg",1179,1155,false],"2048x2048":["https:\/\/drako1.com\/wp-content\/uploads\/2025\/10\/WhatsApp-Image-2025-10-28-at-1.03.18-PM.jpeg",1179,1155,false],"woocommerce_thumbnail":["https:\/\/drako1.com\/wp-content\/uploads\/2025\/10\/WhatsApp-Image-2025-10-28-at-1.03.18-PM-300x300.jpeg",300,300,true],"woocommerce_single":["https:\/\/drako1.com\/wp-content\/uploads\/2025\/10\/WhatsApp-Image-2025-10-28-at-1.03.18-PM-600x588.jpeg",600,588,true],"woocommerce_gallery_thumbnail":["https:\/\/drako1.com\/wp-content\/uploads\/2025\/10\/WhatsApp-Image-2025-10-28-at-1.03.18-PM-100x100.jpeg",100,100,true]},"uagb_author_info":{"display_name":"drakostore2014@gmail.com","author_link":"https:\/\/drako1.com\/?author=0"},"uagb_comment_info":0,"uagb_excerpt":"Comodidad todo el d\u00eda Fabricada con materiales de alta calidad, esta camiseta ofrece una sensaci\u00f3n suave al contacto con la piel. Su dise\u00f1o oversize garantiza libertad de movimiento y un ajuste c\u00f3modo para todas las ocasiones. Ideal para usar durante largas jornadas, esta prenda es una opci\u00f3n confiable para lograr un estilo relajado sin sacrificar&hellip;","_links":{"self":[{"href":"https:\/\/drako1.com\/index.php?rest_route=\/wp\/v2\/product\/460","targetHints":{"allow":["GET"]}}],"collection":[{"href":"https:\/\/drako1.com\/index.php?rest_route=\/wp\/v2\/product"}],"about":[{"href":"https:\/\/drako1.com\/index.php?rest_route=\/wp\/v2\/types\/product"}],"replies":[{"embeddable":true,"href":"https:\/\/drako1.com\/index.php?rest_route=%2Fwp%2Fv2%2Fcomments&post=460"}],"wp:featuredmedia":[{"embeddable":true,"href":"https:\/\/drako1.com\/index.php?rest_route=\/wp\/v2\/media\/463"}],"wp:attachment":[{"href":"https:\/\/drako1.com\/index.php?rest_route=%2Fwp%2Fv2%2Fmedia&parent=460"}],"wp:term":[{"taxonomy":"product_brand","embeddable":true,"href":"https:\/\/drako1.com\/index.php?rest_route=%2Fwp%2Fv2%2Fproduct_brand&post=460"},{"taxonomy":"product_cat","embeddable":true,"href":"https:\/\/drako1.com\/index.php?rest_route=%2Fwp%2Fv2%2Fproduct_cat&post=460"},{"taxonomy":"product_tag","embeddable":true,"href":"https:\/\/drako1.com\/index.php?rest_route=%2Fwp%2Fv2%2Fproduct_tag&post=460"}],"curies":[{"name":"wp","href":"https:\/\/api.w.org\/{rel}","templated":true}]}}